re the prime factors of x?
3
Suppose -4*l + 239 - 247 = 0, 0 = -3*i + 3*l + 207975. What are the prime factors of i?
181, 383
Let a(s) = 5*s**2 - 16*s. Let i(v) = -9*v**2 + 32*v + 1. Let o(m) = 5*a(m) + 3*i(m). Let w be o(8). Suppose 15*h = w*h + 888. What are the prime factors of h?
2, 37
Let b(i) = -91*i + 9*i - 26 - 11 + 2. Let g be b(-5). Suppose 0 = -15*q + 20*q - g. What are the prime factors of q?
3, 5
Let b be (-4)/(-42)*81 - (-4)/14. Let l be (-2)/(-1*b) - 42/(-24). Suppose 0 = -t + l + 8. What are the prime factors of t?
2, 5
Suppose -5*b + 5*i = -9*b + 6666, 4984 = 3*b - 4*i. List the prime factors of b.
2, 13
Let v(l) = 27*l - 202. Let r be v(8). Let q(g) = -g**3 + 18*g**2 - 28*g + 1. List the prime factors of q(r).
3, 131
Suppose 3*w = l + 1961, 2*l - 1305 = -2*w + 5*l. Suppose 2*b + 3*x - w = 0, 7*b - 6*b = -3*x + 333. What are the prime factors of b?
3, 107
Let u(t) = 12*t**2 - 14*t + 31. Let y = -27 - -36. List the prime factors of u(y).
877
Let d = 48 + 201. List the prime factors of d/(-9)*84/(-7).
2, 83
Let v be 8/2 + 10/5. Suppose 130 = -v*m + 712. List the prime factors of m.
97
Let w = 14371 + -12818. What are the prime factors of w?
1553
Let d(l) = 4*l**2 - 88*l + 5 + 24 - 77 - 5. What are the prime factors of d(26)?
3, 11
Suppose f + 5*k - 727 = 0, 5*f + 5*k - 3485 = 10*k. Let q = -492 + f. What are the prime factors of q?
2, 3, 5, 7
Let s = -42 - 318. Let k = 1442 + s. What are the prime factors of k?
2, 541
Let s(z) = -6*z + 1 - z**3 - 11*z**2 + 9*z**2 + 13*z**2. Let f be s(8). Suppose -n - 77 = -f. List the prime factors of n.
2, 17
Let v(f) = -66*f**3 - f**2 + f - 1. Let k be v(1). Let j = -34 + k. Let d = j + 198. List the prime factors of d.
97
Let j(l) = -l**3 - 22*l**2 + 9*l - 31. Let q be j(-24). Let d = -780 + q. List the prime factors of d.
5
List the prime factors of 1305 + (52/(-13) - (-4 + 0)).
3, 5, 29
Let x = 5176 - -5760. List the prime factors of x.
2, 1367
Let g(o) = 3*o + 1. Let z be g(3). Let b = -31 - -38. Suppose 0 = z*c - b*c - 207. What are the prime factors of c?
3, 23
Let g = 186 - 159. What are the prime factors of 6/g - 3247/(-9)?
19
Let z = -3 + 18. Let p be 50/z*117/(-6). What are the prime factors of (p/4)/((-8)/32)?
5, 13
Let i(k) = 282*k**2 + 120*k + 211. What are the prime factors of i(13)?
49429
Let u(g) = 4*g**2 - g - 1. Suppose 0 = p - 5*p - 4. Let y be u(p). List the prime factors of (-3)/(-3*y) - (-259)/4.
5, 13
Suppose 4*b - 66176 - 44158 = -2*b. What are the prime factors of b?
7, 37, 71
Let m(u) = -10*u + 68. Let t be m(11). What are the prime factors of (-3)/t*-4 - 2284/(-7)?
2, 163
List the prime factors of -12 - ((-11 - -12) + -38712).
38699
Let i(o) = -o**2 - 12*o + 39. Let x be i(-9). What are the prime factors of -3 - ((-111254)/x + (-2)/6)?
3, 11, 17
Suppose -4*s = -j - 359, -466 = -4*s - 2*j - 104. Let k = -10 + s. Suppose -w + 365 = 4*g - 2*w, -k = -g - 2*w. List the prime factors of g.
2, 3, 5
Suppose 0 = -6*j + 3*j + 3*w + 1509, 5*j - 2494 = -2*w. Let m = 841 - j. Let h = m + -225. List the prime factors of h.
2, 29
Let w = -3 + 5. Suppose 4*o - 4*r + 13 = -7, -10 = -3*o - 2*r. Suppose o*t = w*t - 68. List the prime factors of t.
2, 17
Let o(t) = 11*t + 37. Let w be o(6). Let h = w - -402. List the prime factors of h.
5, 101
Let d(f) = 39118*f - 1301. What are the prime factors of d(1)?
13, 2909
Let h be (-194)/(-2) + (9 - 6) + 3. Let x = h + 1037. What are the prime factors of x?
2, 3, 5, 19
Let c(p) = -2*p**3 - 38*p**2 - 28*p - 321. List the prime factors of c(-27).
3, 37, 109
Suppose -31*m = -75*m + 13*m + 1472159. List the prime factors of m.
13, 281
List the prime factors of (-19)/2*(11 + -10)*(-3188 - -28).
2, 5, 19, 79
Let o be (3 - 0)/3*-3. Let y(h) = 2*h**2 + 4*h - 1. Let f be y(o). Suppose 4*u - 7*u = -4*q + 368, q - 92 = f*u. What are the prime factors of q?
2, 23
Suppose 3*g + g - 16 = -3*z, g - 21 = -5*z. List the prime factors of ((-425)/(-50))/(g/46).
17, 23
Let r(o) be the second derivative of -o**4/12 + 24*o. Let l(g) = -14*g**3 - g**2 - 4*g - 5. Let u(z) = l(z) - 3*r(z). List the prime factors of u(-2).
3, 41
Suppose -4*m + 68568 = -v - v, -17137 = -m + 3*v. List the prime factors of m.
7, 31, 79
Let c(k) = 2737*k**2 - 10*k - 218. What are the prime factors of c(5)?
3, 7573
Let r be 2634/(-9) + 3/(-9). Let l = r + 209. List the prime factors of -4*3/l - 866/(-14).
2, 31
Let d be (-3)/5 - (-3 + (-6003)/5). Let q = d - 811. What are the prime factors of q?
2, 7
Let p(m) = -1 - 1 - m**2 + 2 + 5 + 6*m. Let y be p(7). Let b(r) = 25*r**2 + r - 1. List the prime factors of b(y).
97
Let c(w) = -19*w - 3. Let i be ((-3)/(27/24))/((-8)/(-12)). Let o be c(i). Let v = o - -63. List the prime factors of v.
2, 17
What are the prime factors of (11069/(-3) - (32 - 29))/((-28)/126)?
3, 29, 191
Suppose 0 = o + 31 - 100. Let f = o + -65. Suppose -2*m - f*m = -612. What are the prime factors of m?
2, 3, 17
Let h(n) = n**3 + 34*n**2 + 57*n + 29. What are the prime factors of h(-16)?
5, 149
Suppose 8*s - 3*t + 8048 = 9*s, 4*s + 2*t = 32242. List the prime factors of s.
11, 733
Suppose 0 = -2*q + 153 - 141. Let u(i) = 170*i + 42. What are the prime factors of u(q)?
2, 3, 59
Suppose -2552*w = -2551*w - 5411. What are the prime factors of w?
7, 773
Suppose 0 = 5*a + 3*b - 19, 12 = 4*a + 2*b - 2. Suppose 3 = -c + a*g - g, -9 = 3*g. What are the prime factors of (3/5)/(c/(-510)) - 2?
7
Suppose 12*q - 74285 - 1759 = 0. What are the prime factors of q?
6337
Let a = 139213 + -81732. List the prime factors of a.
47, 1223
Suppose 0 = -148*p - 134*p + 9562847 - 646853. What are the prime factors of p?
3, 1171
Let o(r) = -49*r - 199. Let u = -291 + 286. List the prime factors of o(u).
2, 23
Let j = 234 - 206. List the prime factors of (-36872)/(-36) - -2 - j/126.
2, 3, 19
Suppose -2*v - 29*v = -15476 - 285968. List the prime factors of v.
2, 11, 13, 17
Let b = 1949 + 8061. What are the prime factors of b?
2, 5, 7, 11, 13
Let p(u) = 8*u**3 + 17*u**2 + 2*u - 139. List the prime factors of p(9).
2, 443
Let c be (-1077)/(-9) + (-7)/(-21). Suppose -c*l + 110*l = -2890. List the prime factors of l.
17
Let k(i) be the third derivative of i**5/60 + 5*i**4/12 - i**3/2 + 21*i**2. Let z(u) = -u**2 + 3*u + 12. Let j be z(7). What are the prime factors of k(j)?
3, 31
Suppose 0 = -3*g + 5*a + 259, -13*a + 14*a - 151 = -2*g. Let v be ((-1)/(-1) - 8)*-2. Suppose -11*m - g = -v*m. List the prime factors of m.
2, 13
Suppose 20565 = 3*n + 5*l, -19*n = -14*n - 4*l - 34201. List the prime factors of n.
5, 37
Let k(f) = f**2 - 4*f + 3. Let v be k(4). Suppose -v*s - 4*s = -21. What are the prime factors of (-25)/2*4/(-6)*s?
5
Suppose 4*w + 4 + 6 = -t, 2*t = -4*w - 8. Suppose 79*x + 143*x + 139*x - 635360 = 0. Suppose -6*b - t*b = -x. List the prime factors of b.
2, 5, 11
Let d = -1595 + 2326. Suppose 4*h = 2*u + 1742, -2*h + d = 4*u - 125. List the prime factors of h.
2, 7, 31
Suppose -14*w - p = -18*w + 8712, -4*p = 0. List the prime factors of w.
2, 3, 11
Suppose -15*c = 4133 - 11438. What are the prime factors of c?
487
Let o(f) = -31*f - 46. Let i(p) = p**3 - 5*p**2 - 3*p + 3. Let s be i(4). List the prime factors of o(s).
3
Let f = 2313 + -1531. Let b = f + -383. Suppose b + 176 = 5*w. What are the prime factors of w?
5, 23
Let j be (-168)/(5 + 2)*-26. Suppose -8*k = -1272 - j. What are the prime factors of k?
3, 79
Let b(v) = 85*v**2 - 38*v + 316. List the prime factors of b(9).
19
Suppose 45 = -4*u + 57. Suppose -25 - u = -7*x. Suppose -5*v + 27 = -x*v. List the prime factors of v.
3
Let v be -1 - -3 - (-3 - -2). Suppose -4*f + w + v = 0, 0*w - w - 3 = 4*f. Suppose f = -3*k + 4*p + 103 + 33, k - 57 = -p. List the prime factors of k.
2, 13
Let x(q) = q**3 + 5*q**2 + 2*q + 1. Let s(l) = 2*l**2 + 3*l - 4. Let u be s(-3). Suppose -4*r - 3*f = -u*f + 4, 0 = -f - 4. What are the prime factors of x(r)?
13
Suppose -f - p + 6696 = 0, 33*f - p + 13394 = 35*f. List the prime factors of f.
2, 17, 197
Let t(z) = -z + 15. Let a be t(13). Suppose q = -2*x + 44 - 125, -a*q = 2*x + 154. Let i = -28 - q. What are the prime factors of i?
3, 5
Let t(s) = -s**3 + 9*s**2 + s + 1. Let r be t(9). Suppose -14 = -r*l + 6. Suppose -5*o + 0*b + 287 = l*b, -5*o + b + 284 = 0. List the prime factors of o.
3, 19
Let l = 458